{"id":759,"date":"2022-07-18T18:39:54","date_gmt":"2022-07-18T18:39:54","guid":{"rendered":"https:\/\/cidiep.org.ar\/wp\/?page_id=759"},"modified":"2022-08-12T17:45:40","modified_gmt":"2022-08-12T17:45:40","slug":"historia","status":"publish","type":"page","link":"https:\/\/www.cidiep.org.ar\/?page_id=759","title":{"rendered":"Historia"},"content":{"rendered":"\t\t<div data-elementor-type=\"wp-page\" data-elementor-id=\"759\" class=\"elementor elementor-759\">\n\t\t\t\t\t\t<section class=\"elementor-section elementor-top-section elementor-element elementor-element-bcf428f elementor-section-height-min-height elementor-section-boxed elementor-section-height-default elementor-section-items-middle\" data-id=\"bcf428f\" data-element_type=\"section\" data-e-type=\"section\" data-settings=\"{&quot;background_background&quot;:&quot;gradient&quot;,&quot;background_motion_fx_motion_fx_mouse&quot;:&quot;yes&quot;,&quot;background_motion_fx_mouseTrack_effect&quot;:&quot;yes&quot;,&quot;background_motion_fx_mouseTrack_speed&quot;:{&quot;unit&quot;:&quot;px&quot;,&quot;size&quot;:2.4,&quot;sizes&quot;:[]}}\">\n\t\t\t\t\t\t\t<div class=\"elementor-background-overlay\"><\/div>\n\t\t\t\t\t\t\t<div class=\"elementor-container elementor-column-gap-default\">\n\t\t\t\t\t<div class=\"elementor-column elementor-col-100 elementor-top-column elementor-element elementor-element-090185e\" data-id=\"090185e\" data-element_type=\"column\" data-e-type=\"column\">\n\t\t\t<div class=\"elementor-widget-wrap elementor-element-populated\">\n\t\t\t\t\t\t<div class=\"elementor-element elementor-element-499ddff elementor-widget elementor-widget-heading\" data-id=\"499ddff\" data-element_type=\"widget\" data-e-type=\"widget\" data-widget_type=\"heading.default\">\n\t\t\t\t<div class=\"elementor-widget-container\">\n\t\t\t\t\t<h2 class=\"elementor-heading-title elementor-size-default\">Historia<\/h2>\t\t\t\t<\/div>\n\t\t\t\t<\/div>\n\t\t\t\t\t<\/div>\n\t\t<\/div>\n\t\t\t\t\t<\/div>\n\t\t<\/section>\n\t\t\t\t<section class=\"elementor-section elementor-top-section elementor-element elementor-element-0a7e0b5 elementor-section-boxed elementor-section-height-default elementor-section-height-default\" data-id=\"0a7e0b5\" data-element_type=\"section\" data-e-type=\"section\">\n\t\t\t\t\t\t<div class=\"elementor-container elementor-column-gap-default\">\n\t\t\t\t\t<div class=\"elementor-column elementor-col-50 elementor-top-column elementor-element elementor-element-585bbd2\" data-id=\"585bbd2\" data-element_type=\"column\" data-e-type=\"column\">\n\t\t\t<div class=\"elementor-widget-wrap elementor-element-populated\">\n\t\t\t\t\t\t<div class=\"elementor-element elementor-element-74f5466 elementor-widget elementor-widget-heading\" data-id=\"74f5466\" data-element_type=\"widget\" data-e-type=\"widget\" data-widget_type=\"heading.default\">\n\t\t\t\t<div class=\"elementor-widget-container\">\n\t\t\t\t\t<h3 class=\"elementor-heading-title elementor-size-default\">Historia<\/h3>\t\t\t\t<\/div>\n\t\t\t\t<\/div>\n\t\t\t\t<div class=\"elementor-element elementor-element-49c7bb0 elementor-widget-divider--view-line elementor-widget elementor-widget-divider\" data-id=\"49c7bb0\" data-element_type=\"widget\" data-e-type=\"widget\" data-widget_type=\"divider.default\">\n\t\t\t\t<div class=\"elementor-widget-container\">\n\t\t\t\t\t\t\t<div class=\"elementor-divider\">\n\t\t\t<span class=\"elementor-divider-separator\">\n\t\t\t\t\t\t<\/span>\n\t\t<\/div>\n\t\t\t\t\t\t<\/div>\n\t\t\t\t<\/div>\n\t\t\t\t<div class=\"elementor-element elementor-element-585f2ec elementor-widget elementor-widget-text-editor\" data-id=\"585f2ec\" data-element_type=\"widget\" data-e-type=\"widget\" data-widget_type=\"text-editor.default\">\n\t\t\t\t<div class=\"elementor-widget-container\">\n\t\t\t\t\t\t\t\t\t<p><span style=\"font-weight: 400;\">El viernes 24 de agosto del 2012 tuvo lugar el acto fundacional del CIDIEP en el Aula Magna de la Facultad de Derecho de la Universidad de Buenos Aires. La jornada estuvo imbuida de un profundo significado porque ese d\u00eda se conmemor\u00f3 el 65\u00b0 aniversario del ingreso del maestro Ikeda a la Soka Gakkai, marcando el inicio de su gran lucha por la paz.<\/span><\/p>\t\t\t\t\t\t\t\t<\/div>\n\t\t\t\t<\/div>\n\t\t\t\t<div class=\"elementor-element elementor-element-86e90fb elementor-widget elementor-widget-text-editor\" data-id=\"86e90fb\" data-element_type=\"widget\" data-e-type=\"widget\" data-widget_type=\"text-editor.default\">\n\t\t\t\t<div class=\"elementor-widget-container\">\n\t\t\t\t\t\t\t\t\t<p><b>Acto fundacional &#8211; Aula Magna de la Facultad de Derecho de la Universidad de Buenos Aires<\/b><\/p>\t\t\t\t\t\t\t\t<\/div>\n\t\t\t\t<\/div>\n\t\t\t\t<div class=\"elementor-element elementor-element-e79b524 elementor-widget elementor-widget-image\" data-id=\"e79b524\" data-element_type=\"widget\" data-e-type=\"widget\" data-widget_type=\"image.default\">\n\t\t\t\t<div class=\"elementor-widget-container\">\n\t\t\t\t\t\t\t\t\t\t\t\t\t\t\t<img fetchpriority=\"high\" decoding=\"async\" width=\"377\" height=\"352\" src=\"https:\/\/www.cidiep.org.ar\/wp-content\/uploads\/2022\/07\/aula-magna-e1709871791357.png\" class=\"attachment-large size-large wp-image-914\" alt=\"\" srcset=\"https:\/\/www.cidiep.org.ar\/wp-content\/uploads\/2022\/07\/aula-magna-e1709871791357.png 377w, https:\/\/www.cidiep.org.ar\/wp-content\/uploads\/2022\/07\/aula-magna-e1709871791357-300x280.png 300w\" sizes=\"(max-width: 377px) 100vw, 377px\" \/>\t\t\t\t\t\t\t\t\t\t\t\t\t\t\t<\/div>\n\t\t\t\t<\/div>\n\t\t\t\t<div class=\"elementor-element elementor-element-f32cc76 elementor-widget elementor-widget-text-editor\" data-id=\"f32cc76\" data-element_type=\"widget\" data-e-type=\"widget\" data-widget_type=\"text-editor.default\">\n\t\t\t\t<div class=\"elementor-widget-container\">\n\t\t\t\t\t\t\t\t\t<p><span style=\"font-weight: 400;\">Ante un auditorio colmado, la ceremonia inaugural del Centro Daisaku Ikeda de Estudios para la Paz (CIDIEP) comenz\u00f3 con la entonaci\u00f3n del Himno Nacional Argentino, que fue interpretado por la Orquesta Vanguardia Ikeda. Seguidamente, se dio <strong><a href=\"https:\/\/cidiep.org.ar\/wp\/wp-content\/uploads\/2022\/07\/Mensaje-CIDIEP_40x50-c.pdf\">lectura al mensaje que el Presidente de la SGI hab\u00eda enviado<\/a><\/strong> para tan significativa jornada.<\/span><\/p>\t\t\t\t\t\t\t\t<\/div>\n\t\t\t\t<\/div>\n\t\t\t\t<div class=\"elementor-element elementor-element-31cb898 elementor-widget elementor-widget-text-editor\" data-id=\"31cb898\" data-element_type=\"widget\" data-e-type=\"widget\" data-widget_type=\"text-editor.default\">\n\t\t\t\t<div class=\"elementor-widget-container\">\n\t\t\t\t\t\t\t\t\t<p><span style=\"font-weight: 400;\">Luego, se transmiti\u00f3 la misi\u00f3n del CIDIEP, de contribuir al establecimiento de la paz mundial a trav\u00e9s de la promoci\u00f3n de la cultura y educaci\u00f3n human\u00edsticas, y se detallaron las primeras actividades que el Centro brindar\u00eda a la comunidad. Luego de estas presentaciones, el ministro de Cultura de la Ciudad de Buenos Aires, el ingeniero Hern\u00e1n Lombardi, manifest\u00f3 el honor que representaba estar llevando a cabo la inauguraci\u00f3n del CIDIEP en la ciudad de Buenos Aires, conocida por su apertura, diversidad y pluralidad. Asimismo, se\u00f1al\u00f3 la importancia que tendr\u00e1 el centro, como \u00e1mbito de formaci\u00f3n y transformaci\u00f3n del individuo, en aras de la paz. A continuaci\u00f3n, el doctor Juan Jos\u00e9 Cresto, presidente de la Academia Argentina de la Historia y gran amigo del maestro Ikeda, destac\u00f3 su satisfacci\u00f3n por la creaci\u00f3n del CIDIEP y afirm\u00f3: \u201cYa que todos integramos, como miembros asociados, la comunidad universal, cualquier impulso [que tengamos] puede, tal vez, enriquecer los resultados. [&#8230;] Sea este un homenaje al original pensador, de profunda humanidad, que es Daisaku Ikeda, que le ha dado al mundo un nuevo gui\u00f3n, un nuevo concepto sobre la conducta colectiva de la sociedad\u201d. Para concluir el acto, el doctor Francisco Delich, como director del CIDIEP, brind\u00f3 unas <a href=\"https:\/\/cidiep.org.ar\/wp\/dr-francisco-delich\/\"><strong>palabras de agradecimiento<\/strong><\/a>, en las que se mostr\u00f3 profundamente emocionado por el mensaje enviado por el maestro Ikeda para la ocasi\u00f3n, e hizo referencia a los esfuerzos realizados por el Presidente de la SGI en pro de la paz, a trav\u00e9s de intercambios y di\u00e1logos con personalidades de todo el mundo, a fin de tender un puente entre Oriente y Occidente. Por \u00faltimo, el doctor Delich enfatiz\u00f3 que en el CIDIEP los j\u00f3venes podr\u00e1n encontrar los caminos para construir un futuro promisorio.<\/span><\/p>\t\t\t\t\t\t\t\t<\/div>\n\t\t\t\t<\/div>\n\t\t\t\t<div class=\"elementor-element elementor-element-7fb0fe9 elementor-widget elementor-widget-text-editor\" data-id=\"7fb0fe9\" data-element_type=\"widget\" data-e-type=\"widget\" data-widget_type=\"text-editor.default\">\n\t\t\t\t<div class=\"elementor-widget-container\">\n\t\t\t\t\t\t\t\t\t<p><b>Actividades culturales y educativas<\/b><\/p>\t\t\t\t\t\t\t\t<\/div>\n\t\t\t\t<\/div>\n\t\t\t\t<div class=\"elementor-element elementor-element-939ad91 elementor-widget elementor-widget-text-editor\" data-id=\"939ad91\" data-element_type=\"widget\" data-e-type=\"widget\" data-widget_type=\"text-editor.default\">\n\t\t\t\t<div class=\"elementor-widget-container\">\n\t\t\t\t\t\t\t\t\t<p><span style=\"font-weight: 400;\">Durante el a\u00f1o 2012, se realizaron dos seminarios de primavera bajo las tem\u00e1ticas: \u201cHacia una era de paz\u201d en el Auditorio de la Paz de la SGIAR, \u201cUna diversidad de mundos\u201d que se realiz\u00f3 en la Biblioteca \u201cBernardino Rivadavia\u201d en la ciudad de Cipolletti, provincia de R\u00edo Negro en el marco de la 9na Feria del Libro; y \u201cPor una sociedad global sostenible: Aprendizaje para el empoderamiento y el liderazgo\u201d, este \u00faltimo se llev\u00f3 a cabo en la C\u00e1mara de Apelaciones en lo Penal Contravencional y de Faltas de la Ciudad Aut\u00f3noma de Buenos Aires. <\/span><\/p>\t\t\t\t\t\t\t\t<\/div>\n\t\t\t\t<\/div>\n\t\t\t\t<div class=\"elementor-element elementor-element-3ffd744 elementor-widget elementor-widget-text-editor\" data-id=\"3ffd744\" data-element_type=\"widget\" data-e-type=\"widget\" data-widget_type=\"text-editor.default\">\n\t\t\t\t<div class=\"elementor-widget-container\">\n\t\t\t\t\t\t\t\t\t<p><span style=\"font-weight: 400;\">Tambi\u00e9n, hacia fines de 2012, se realiz\u00f3 el seminario \u201cPor una sociedad global: Recuperaci\u00f3n de espacios ambientales\u201d en la Facultad de Ciencias Exactas, F\u00edsicas y Naturales de la Universidad Nacional de C\u00f3rdoba (UNC). Cont\u00f3 con la presentaci\u00f3n de la Propuesta de Medio Ambiente (2012) del Dr. Ikeda, y el caso del R\u00edo Sumida. Como especialista invitado, expuso el Ing. Abel Gerardo L\u00f3pez de la Universidad Nacional de C\u00f3rdoba.\u00a0 <\/span><\/p>\t\t\t\t\t\t\t\t<\/div>\n\t\t\t\t<\/div>\n\t\t\t\t<div class=\"elementor-element elementor-element-ab76eef elementor-widget elementor-widget-text-editor\" data-id=\"ab76eef\" data-element_type=\"widget\" data-e-type=\"widget\" data-widget_type=\"text-editor.default\">\n\t\t\t\t<div class=\"elementor-widget-container\">\n\t\t\t\t\t\t\t\t\t<p><span style=\"font-weight: 400;\">Hacia mediados del a\u00f1o 2013, el 7 de junio, conmemorando el natalicio del fundador de la pedagog\u00eda Soka, Tsunesaburo Makiguchi, se llev\u00f3 a cabo un seminario sobre su vida y obra en la sede de FLACSO Argentina. Dicho acontecimiento cont\u00f3 con la presencia del Dr. Miguel Lengyel, Director de FLACSO y del Dr. Roberto K\u00e9rtesz, Rector em\u00e9rito de la Universidad de Flores quien impuls\u00f3 la publicaci\u00f3n del libro Educaci\u00f3n para una vida creativa (1998). Adem\u00e1s, se llevaron adelante seminarios en las provincias de Santa Fe y Tucum\u00e1n. El primero titulado: \u201cEl desaf\u00edo del siglo XXI: tender puentes de paz entre las culturas\u201d se realiz\u00f3 en la Universidad Nacional de Rosario (UNR), mientras que en la Facultad de Ciencias Naturales de la Universidad Nacional de Tucum\u00e1n (UNT) fue sede del seminario: \u201cPor una sociedad global sostenible: desaf\u00edos ambientales en el siglo de la paz\u201d que cont\u00f3 con la presencia de la Dra. Margarita Hidalgo, vicedecana de la Facultad de Ciencias Naturales de la UNT, y del Dr. Hugo Fern\u00e1ndez, docente de la facultad e investigador del Consejo Nacional de Investigaciones Cient\u00edficas y T\u00e9cnicas (CONICET).<\/span><\/p>\t\t\t\t\t\t\t\t<\/div>\n\t\t\t\t<\/div>\n\t\t\t\t<div class=\"elementor-element elementor-element-5bacd6a elementor-widget elementor-widget-text-editor\" data-id=\"5bacd6a\" data-element_type=\"widget\" data-e-type=\"widget\" data-widget_type=\"text-editor.default\">\n\t\t\t\t<div class=\"elementor-widget-container\">\n\t\t\t\t\t\t\t\t\t<p><span style=\"font-weight: 400;\">Durante el a\u00f1o 2014 se desarroll\u00f3 el seminario titulado: \u201cPor una sociedad global sostenible: desaf\u00edos ambientales en el siglo de la paz\u201d, en la sede de la Universidad Nacional de la Patagonia Austral (UNPA) de R\u00edo Gallegos. En el marco del seminario se present\u00f3 la exposici\u00f3n \u201cSemillas de la Esperanza: pasos hacia el cambio, perspectiva\u00a0 de sostenibilidad\u201d, basada en la Carta de la Tierra. Dicha exposici\u00f3n, tuvo el prop\u00f3sito de generar conciencia y compromiso sobre el medio ambiente como comunidad.<\/span><\/p>\t\t\t\t\t\t\t\t<\/div>\n\t\t\t\t<\/div>\n\t\t\t\t<div class=\"elementor-element elementor-element-24d7365 elementor-widget elementor-widget-text-editor\" data-id=\"24d7365\" data-element_type=\"widget\" data-e-type=\"widget\" data-widget_type=\"text-editor.default\">\n\t\t\t\t<div class=\"elementor-widget-container\">\n\t\t\t\t\t\t\t\t\t<span style=\"font-weight: 400;\">En 2015 en la Universidad Nacional de San Juan se realiz\u00f3 el seminario: \u201cPor una cultura de paz: construir un nuevo humanismo para las generaciones futuras\u201d, basado en los ejes de \u201cLa educaci\u00f3n como generadora de igualdad social\u201d y \u201cLa educaci\u00f3n como factor para humanizar la econom\u00eda\u201d. En dicha oportunidad el Dr. Francisco Delich llev\u00f3 a cabo una exposici\u00f3n titulada: \u201cAcciones para\u00a0 humanizar la pol\u00edtica y la econom\u00eda en el siglo XXI\u201d.<\/span><br>\n<span style=\"font-weight: 400;\">Ese mismo a\u00f1o, se firm\u00f3 firm\u00f3 un convenio de cooperaci\u00f3n entre el Centro de Estudios de Pol\u00edticas Participativas (CEPPAR) y el CIDIEP a fin de desarrollar trabajos de investigaci\u00f3n, desarrollar propuestas a fin de mejorar la calidad de vida de los habitantes, consolidar la econom\u00eda solidaria, propuestas de legislaci\u00f3n y gesti\u00f3n, convenios gubernamentales locales, nacionales y extranjeros, etc.<\/span>\t\t\t\t\t\t\t\t<\/div>\n\t\t\t\t<\/div>\n\t\t\t\t<div class=\"elementor-element elementor-element-467c833 elementor-widget elementor-widget-text-editor\" data-id=\"467c833\" data-element_type=\"widget\" data-e-type=\"widget\" data-widget_type=\"text-editor.default\">\n\t\t\t\t<div class=\"elementor-widget-container\">\n\t\t\t\t\t\t\t\t\t<p><span style=\"font-weight: 400;\">En 2017 en la Asociaci\u00f3n Dirigentes de Empresas (ADE) Santa Fe, se llev\u00f3 a cabo el seminario titulado \u201cEconom\u00eda social y cooperativas: Por una sociedad global sostenible\u201d, organizado conjuntamente por el Centro de Estudios de Pol\u00edticas Participativas (CEPPAR) y el Centro Internacional Daisaku Ikeda de Estudios para la Paz (CIDIEP). A su vez, en el Colegio de Abogados de la Ciudad Aut\u00f3noma de Buenos Aires se llev\u00f3 a cabo un seminario sobre la Propuesta de Paz del corriente a\u00f1o titulada: \u201cLa solidaridad mundial entre los j\u00f3venes: Augura una nueva era de esperanza\u201d desde una perspectiva interreligiosa. Tambi\u00e9n se firmaron nuevos convenios de cooperaci\u00f3n e intercambio acad\u00e9mico con la Universidad Nacional de Tierra del Fuego y con la Universidad de la Cuenca del Plata.\u00a0 Asimismo, se comenzaron a desarrollar proyectos de cursos de diplomatura y posgrado sobre la educaci\u00f3n en valores Soka, y la construcci\u00f3n de una cultura de paz.Ese mismo a\u00f1o, se firm\u00f3 firm\u00f3 un convenio de cooperaci\u00f3n entre el Centro de Estudios de Pol\u00edticas Participativas (CEPPAR) y el CIDIEP a fin de desarrollar trabajos de investigaci\u00f3n, desarrollar propuestas a fin de mejorar la calidad de vida de los habitantes, consolidar la econom\u00eda solidaria, propuestas de legislaci\u00f3n y gesti\u00f3n, convenios gubernamentales locales, nacionales y extranjeros, etc.<\/span><\/p>\t\t\t\t\t\t\t\t<\/div>\n\t\t\t\t<\/div>\n\t\t\t\t<div class=\"elementor-element elementor-element-d0de0e9 elementor-widget elementor-widget-text-editor\" data-id=\"d0de0e9\" data-element_type=\"widget\" data-e-type=\"widget\" data-widget_type=\"text-editor.default\">\n\t\t\t\t<div class=\"elementor-widget-container\">\n\t\t\t\t\t\t\t\t\t<p><span style=\"font-weight: 400;\">En 2018 asumi\u00f3 como nuevo Director Acad\u00e9mico del CIDIEP el Rector de la Universidad Nacional de Villa Maria, Luis Negretti, destacado educador con una vasta experiencia en el \u00e1mbito de la docencia y la gesti\u00f3n educativa, cuyo perfil human\u00edstico ha sido reconocido tanto en el \u00e1mbito acad\u00e9mico como en el universitario. <\/span><\/p>\t\t\t\t\t\t\t\t<\/div>\n\t\t\t\t<\/div>\n\t\t\t\t<div class=\"elementor-element elementor-element-317e3e5 elementor-widget elementor-widget-text-editor\" data-id=\"317e3e5\" data-element_type=\"widget\" data-e-type=\"widget\" data-widget_type=\"text-editor.default\">\n\t\t\t\t<div class=\"elementor-widget-container\">\n\t\t\t\t\t\t\t\t\t<p><span style=\"font-weight: 400;\">Durante 2019 se llev\u00f3 adelante en la Universidad Nacional de Tierra del Fuego el Seminario Abierto: \u201cHacia una cultura de Paz\u201d. Dicha actividad cont\u00f3 con la presencia del Rector de la mencionada casa de estudios, el Dr. Juan Jos\u00e9 Castelucci, el Rector de la Universidad Nacional de Villa Mar\u00eda y Director acad\u00e9mico del CIDIEP, el Dr. Luis Negretti y el Rector de la Universidad Nacional de La Rioja, el Lic. Fabi\u00e1n Calder\u00f3n. La exposici\u00f3n central estuvo a cargo del Premio Nobel de la Paz el Dr. Adolfo P\u00e9rez Esquivel. En este marco tambi\u00e9n se present\u00f3 el libro que compila el di\u00e1logo del Dr. Esquivel con el Dr. Daisaku Ikeda, titulado \u00abLa fuerza de la esperanza\u00bb. Fue en este mismo a\u00f1o que inici\u00f3 el Curso de Extensi\u00f3n Universitaria \u201cRuta de la Seda: La sabidur\u00eda del <\/span><i><span style=\"font-weight: 400;\">Sutra del loto<\/span><\/i><span style=\"font-weight: 400;\">\u201d, el cual se desarroll\u00f3 en conjunto con la Escuela de Estudios Orientales de la Universidad del Salvador. Dicho curso se propone desarrollar, desde un punto de vista tanto hist\u00f3rico como filos\u00f3fico, una visi\u00f3n general del Budismo y la importancia de la ense\u00f1anza del <\/span><i><span style=\"font-weight: 400;\">Sutra del loto <\/span><\/i><span style=\"font-weight: 400;\">en el desarrollo del pensamiento tanto oriental como occidental a efectos de brindar perspectivas esclarecedoras y de gran sabidur\u00eda para la \u00e9poca actual basada en los derechos humanos.<\/span><\/p>\t\t\t\t\t\t\t\t<\/div>\n\t\t\t\t<\/div>\n\t\t\t\t<div class=\"elementor-element elementor-element-70de7d4 elementor-widget elementor-widget-text-editor\" data-id=\"70de7d4\" data-element_type=\"widget\" data-e-type=\"widget\" data-widget_type=\"text-editor.default\">\n\t\t\t\t<div class=\"elementor-widget-container\">\n\t\t\t\t\t\t\t\t\t<p><span style=\"font-weight: 400;\">Durante los a\u00f1os 2020 y 2021 se realizaron diversas actividades culturales y educativas. El Curso \u201cRuta de la Seda: La sabidur\u00eda del <\/span><i><span style=\"font-weight: 400;\">Sutra del loto<\/span><\/i><span style=\"font-weight: 400;\">\u201d se desarroll\u00f3 en dos oportunidades de manera virtual y con numerosos expositores invitados del \u00e1mbito acad\u00e9mico. A su vez, se a\u00f1adi\u00f3 un nuevo Curso \u201c<\/span><i><span style=\"font-weight: 400;\">Las par\u00e1bolas en el Sutra del loto<\/span><\/i><span style=\"font-weight: 400;\">\u201d, enfoc\u00e1ndose en la relevancia de las par\u00e1bolas para las diferentes culturas y en particular, en el <\/span><i><span style=\"font-weight: 400;\">Sutra del loto<\/span><\/i><span style=\"font-weight: 400;\">. Dicho curso aborda el valor pedag\u00f3gico, literario e hist\u00f3rico de las par\u00e1bolas principales del <\/span><i><span style=\"font-weight: 400;\">Sutra del loto<\/span><\/i><span style=\"font-weight: 400;\">, recuperando su mensaje de paz, respeto a la dignidad de la vida y coexistencia armoniosa para la actualidad. Tambi\u00e9n se inaugur\u00f3 la serie de Ciclos de Di\u00e1logos por la Paz, que lleva siete ediciones, con el prop\u00f3sito de brindar un espacio de intercambio de ideas y reflexiones junto a diversos invitados, en torno a diferentes tem\u00e1ticas que afectan a la sociedad contempor\u00e1nea.\u00a0<\/span><\/p>\t\t\t\t\t\t\t\t<\/div>\n\t\t\t\t<\/div>\n\t\t\t\t\t<\/div>\n\t\t<\/div>\n\t\t\t\t<div class=\"elementor-column elementor-col-50 elementor-top-column elementor-element elementor-element-de32779\" data-id=\"de32779\" data-element_type=\"column\" data-e-type=\"column\">\n\t\t\t<div class=\"elementor-widget-wrap\">\n\t\t\t\t\t\t\t<\/div>\n\t\t<\/div>\n\t\t\t\t\t<\/div>\n\t\t<\/section>\n\t\t\t\t<\/div>\n\t\t","protected":false},"excerpt":{"rendered":"<p>Historia Historia El viernes 24 de agosto del 2012 tuvo lugar el acto fundacional del CIDIEP en el Aula Magna de la Facultad de Derecho de la Universidad de Buenos Aires. La jornada estuvo imbuida de un profundo significado porque ese d\u00eda se conmemor\u00f3 el 65\u00b0 aniversario del ingreso del maestro Ikeda a la Soka&hellip;&nbsp;<a href=\"https:\/\/www.cidiep.org.ar\/?page_id=759\" rel=\"bookmark\">Leer m\u00e1s &raquo;<span class=\"screen-reader-text\">Historia<\/span><\/a><\/p>\n","protected":false},"author":1,"featured_media":380,"parent":0,"menu_order":0,"comment_status":"closed","ping_status":"closed","template":"page-templates\/template-pagebuilder-full-width.php","meta":{"neve_meta_sidebar":"","neve_meta_container":"","neve_meta_enable_content_width":"","neve_meta_content_width":0,"neve_meta_title_alignment":"","neve_meta_author_avatar":"","neve_post_elements_order":"","neve_meta_disable_header":"off","neve_meta_disable_footer":"","neve_meta_disable_title":"on","footnotes":""},"class_list":["post-759","page","type-page","status-publish","has-post-thumbnail","hentry"],"_links":{"self":[{"href":"https:\/\/www.cidiep.org.ar\/index.php?rest_route=\/wp\/v2\/pages\/759","targetHints":{"allow":["GET"]}}],"collection":[{"href":"https:\/\/www.cidiep.org.ar\/index.php?rest_route=\/wp\/v2\/pages"}],"about":[{"href":"https:\/\/www.cidiep.org.ar\/index.php?rest_route=\/wp\/v2\/types\/page"}],"author":[{"embeddable":true,"href":"https:\/\/www.cidiep.org.ar\/index.php?rest_route=\/wp\/v2\/users\/1"}],"replies":[{"embeddable":true,"href":"https:\/\/www.cidiep.org.ar\/index.php?rest_route=%2Fwp%2Fv2%2Fcomments&post=759"}],"version-history":[{"count":47,"href":"https:\/\/www.cidiep.org.ar\/index.php?rest_route=\/wp\/v2\/pages\/759\/revisions"}],"predecessor-version":[{"id":1643,"href":"https:\/\/www.cidiep.org.ar\/index.php?rest_route=\/wp\/v2\/pages\/759\/revisions\/1643"}],"wp:featuredmedia":[{"embeddable":true,"href":"https:\/\/www.cidiep.org.ar\/index.php?rest_route=\/wp\/v2\/media\/380"}],"wp:attachment":[{"href":"https:\/\/www.cidiep.org.ar\/index.php?rest_route=%2Fwp%2Fv2%2Fmedia&parent=759"}],"curies":[{"name":"wp","href":"https:\/\/api.w.org\/{rel}","templated":true}]}}